159629
What are the prime factors of 208659328?
2, 257, 6343
List the prime factors of 1380499659.
3, 7, 11, 457, 1453
List the prime factors of 80807749.
11, 17, 193, 2239
List the prime factors of 1155191903.
491, 971, 2423
List the prime factors of 37899269.
137, 276637
List the prime factors of 63281951.
19, 37, 90017
What are the prime factors of 28954908?
2, 3, 29789
What are the prime factors of 443252340?
2, 3, 5, 2462513
What are the prime factors of 3524313095?
5, 17, 47, 51893
What are the prime factors of 14806908?
2, 3, 71, 1931
What are the prime factors of 1353888?
2, 3, 1567
List the prime factors of 393750109.
393750109
List the prime factors of 585750733.
1777, 329629
List the prime factors of 23687095.
5, 263, 18013
What are the prime factors of 67558701?
3, 7, 71, 6473
List the prime factors of 34932289.
7, 4990327
List the prime factors of 886813735.
5, 7121, 24907
List the prime factors of 312316241.
23, 127, 106921
What are the prime factors of 3086767459?
4751, 649709
List the prime factors of 828390256.
2, 51774391
What are the prime factors of 1726727326?
2, 149, 229, 25303
What are the prime factors of 419736788?
2, 523, 200639
List the prime factors of 2928627129.
3, 107, 1129, 8081
List the prime factors of 1851347525.
5, 73, 509, 1993
List the prime factors of 117747802.
2, 157, 374993
List the prime factors of 213259430.
2, 5, 21325943
List the prime factors of 1922272655.
5, 19, 37, 107, 269
What are the prime factors of 533215287?
3, 11, 73, 89, 829
List the prime factors of 681063.
3, 379, 599
What are the prime factors of 204526808?
2, 25565851
List the prime factors of 139724198.
2, 69862099
What are the prime factors of 39351996?
2, 3, 1093111
List the prime factors of 25122965.
5, 7, 43, 16693
What are the prime factors of 295446022?
2, 197, 749863
What are the prime factors of 1168972?
2, 7, 83, 503
What are the prime factors of 73716347?
29, 2541943
List the prime factors of 68300907.
3, 61, 373229
What are the prime factors of 838801960?
2, 5, 20970049
What are the prime factors of 1169239642?
2, 2011, 290711
What are the prime factors of 248419973?
248419973
What are the prime factors of 48792928?
2, 79, 19301
What are the prime factors of 189627842?
2, 293, 323597
What are the prime factors of 229935980?
2, 5, 59, 194861
List the prime factors of 49940089.
313, 159553
What are the prime factors of 376601262?
2, 3, 62766877
List the prime factors of 3615761399.
17, 727, 292561
List the prime factors of 30142849.
11, 53, 149, 347
List the prime factors of 4397019623.
47, 1301, 71909
What are the prime factors of 3193559999?
7, 193, 587, 4027
What are the prime factors of 214390140?
2, 3, 5, 149, 23981
List the prime factors of 1474482730.
2, 5, 7, 21064039
What are the prime factors of 592025722?
2, 173, 347, 4931
What are the prime factors of 1726480695?
3, 5, 19, 318833
What are the prime factors of 1059114613?
1059114613
List the prime factors of 1258683230.
2, 5, 7, 17, 29, 36473
What are the prime factors of 59869543?
29, 71, 29077
What are the prime factors of 1571772582?
2, 3, 71, 1229869
List the prime factors of 272418757.
13, 379, 55291
What are the prime factors of 94990895?
5, 1531, 12409
List the prime factors of 19692067.
97, 203011
List the prime factors of 324725293.
23, 43, 313, 1049
List the prime factors of 131380694.
2, 1553, 42299
What are the prime factors of 9726943?
9726943
What are the prime factors of 6634250515?
5, 193, 6874871
List the prime factors of 454119162.
2, 3, 7, 1544623
List the prime factors of 101979730.
2, 5, 59, 127, 1361
What are the prime factors of 32048037?
3, 7, 307, 1657
List the prime factors of 217044193.
97, 907, 2467
List the prime factors of 18218850.
2, 3, 5, 13, 9343
What are the prime factors of 3319993993?
2269, 1463197
List the prime factors of 1094051318.
2, 31, 2441, 7229
List the prime factors of 1276822.
2, 23, 41, 677
What are the prime factors of 4318090807?
29, 137, 1086859
What are the prime factors of 3663402671?
23, 37, 4304821
What are the prime factors of 3220547834?
2, 7, 1013, 32441
List the prime factors of 4880684618.
2, 21523, 113383
What are the prime factors of 21103411?
7, 43, 70111
List the prime factors of 64521207.
3, 19, 127, 2971
List the prime factors of 157411013.
41, 3839293
List the prime factors of 1138446100.
2, 5, 11, 1034951
List the prime factors of 29981144.
2, 23, 127, 1283
List the prime factors of 40169560.
2, 5, 59, 17021
List the prime factors of 279935935.
5, 55987187
List the prime factors of 679991080.
2, 5, 16999777
What are the prime factors of 2136774573?
3, 41, 5231
List the prime factors of 403438675.
5, 16137547
List the prime factors of 2905229898.
2, 3, 43, 79, 47513
List the prime factors of 2255493143.
2255493143
List the prime factors of 1086269594.
2, 2617, 207541
What are the prime factors of 690115843?
690115843
What are the prime factors of 6006455026?
2, 11, 13, 1187, 1361
List the prime factors of 977457495.
3, 5, 7, 9309119
List the prime factors of 117274496.
2, 701, 1307
What are the prime factors of 872231378?
2, 211, 2066899
What are the prime factors of 144280410?
2, 3, 5, 4809347
List the prime factors of 53705358.
2, 3, 7, 426233
List the prime factors of 276173249.
11, 2467, 10177
List the prime factors of 1593858908.
2, 29, 13740163
List the prime factors of 40984993.
7, 5854999
What are the prime factors of 98698681?
23, 59, 72733
What are the prime factors of 35756988?
2, 3, 2979749
What are the prime factors of 966424718?
2, 7, 23, 163, 18413
What are the prime factors of 685655078?
2, 342827539
List the prime factors of 797097637.
7, 23, 31, 159707
What are the prime factors of 2959065821?
157, 18847553
What are the prime factors of 540356724?
2, 3, 5003303
What are the prime factors of 4642210158?
2, 3, 41, 367, 51419
List the prime factors of 42723170.
2, 5, 7, 610331
List the prime factors of 166730495.
5, 1471, 22669
What are the prime factors of 23041142?
2, 11520571
List the prime factors of 14912716.
2, 7, 13, 53, 773
List the prime factors of 82396151.
37, 2226923
What are the prime factors of 82251946?
2, 7, 29, 202591
What are the prime factors of 3914021173?
3343, 1170811
List the prime factors of 112357563.
3, 457, 81953
What are the prime factors of 97443272?
2, 23, 653, 811
What are the prime factors of 122432432?
2, 29, 263863
List the prime factors of 121856014.
2, 7, 2137, 4073
What are the prime factors of 3902683?
31, 67, 1879
List the prime factors of 285922740.
2, 3, 5, 4765379
List the prime factors of 309633827.
131, 2363617
List the prime factors of 48255158.
2, 7, 31, 111187
What are the prime factors of 620730328?
2, 77591291
What are the prime factors of 45545000?
2, 5, 9109
List the prime factors of 4914208.
2, 13, 11813
List the prime factors of 70613077.
251, 281327
List the prime factors of 132622367.
149, 890083
What are the prime factors of 324418768?
2, 19, 1067167
What are the prime factors of 4228363098?
2, 3, 109, 2155129
List the prime factors of 24034964.
2, 433, 13877
What are the prime factors of 2943099863?
11, 157, 1704169
What are the prime factors of 165363708?
2, 3, 307, 44887
List the prime factors of 53235070.
2, 5, 7, 108643
List the prime factors of 109846051.
7, 31, 53, 9551
List the prime factors of 319545047.
1031, 309937
What are the prime factors of 3767024473?
137, 27496529
What are the prime factors of 585354473?
11, 29, 1834967
List the prime factors of 41486126.
2, 11, 1885733
List the prime factors of 380648236.
2, 95162059
List the prime factors of 494262711.
3, 757, 72547
What are the prime factors of 251786204?
2, 181, 347771
List the prime factors of 257912475.
3, 5, 3438833
List the prime factors of 1164902913.
3, 129433657
List the prime factors of 1724054675.
5, 7, 1571, 6271
What are the prime factors of 2073798875?
5, 127, 130633
List the prime factors of 24156014.
2, 17, 29, 24499
What are the prime factors of 250934328?
2, 3, 601, 1933
List the prime factors of 146804121.
3, 701, 23269
What are the prime factors of 412584698?
2, 2707, 76207
What are the prime factors of 621545698?
2, 23, 13511863
List the prime factors of 32660734.
2, 19, 859493
What are the prime factors of 448323803?
448323803
Wha